 of 44846?
4
What is the units digit of 25661?
1
What is the hundreds digit of 2679?
6
What is the units digit of 57433?
3
What is the hundreds digit of 6922?
9
What is the thousands digit of 70712?
0
What is the thousands digit of 24688?
4
What is the tens digit of 4656?
5
What is the ten thousands digit of 91589?
9
What is the hundred thousands digit of 108965?
1
What is the units digit of 12130?
0
What is the units digit of 64272?
2
What is the units digit of 5422?
2
What is the units digit of 17474?
4
What is the units digit of 89677?
7
What is the units digit of 25636?
6
What is the thousands digit of 3070?
3
What is the thousands digit of 10732?
0
What is the tens digit of 153185?
8
What is the ten thousands digit of 34495?
3
What is the thousands digit of 3527?
3
What is the tens digit of 11816?
1
What is the hundreds digit of 11377?
3
What is the tens digit of 1368?
6
What is the units digit of 15201?
1
What is the tens digit of 3537?
3
What is the units digit of 787?
7
What is the hundreds digit of 25371?
3
What is the hundreds digit of 137461?
4
What is the units digit of 1781?
1
What is the hundreds digit of 8858?
8
What is the hundreds digit of 9918?
9
What is the ten thousands digit of 136576?
3
What is the hundreds digit of 3230?
2
What is the hundreds digit of 32036?
0
What is the ten thousands digit of 140242?
4
What is the hundreds digit of 12667?
6
What is the tens digit of 997?
9
What is the units digit of 634?
4
What is the units digit of 5854?
4
What is the ten thousands digit of 45894?
4
What is the units digit of 11436?
6
What is the ten thousands digit of 102818?
0
What is the units digit of 106770?
0
What is the tens digit of 14403?
0
What is the hundreds digit of 9175?
1
What is the units digit of 4657?
7
What is the units digit of 1177?
7
What is the thousands digit of 1049?
1
What is the units digit of 892?
2
What is the hundreds digit of 3710?
7
What is the thousands digit of 11032?
1
What is the hundreds digit of 5004?
0
What is the tens digit of 1125?
2
What is the thousands digit of 4247?
4
What is the hundreds digit of 56556?
5
What is the units digit of 9873?
3
What is the thousands digit of 3235?
3
What is the hundreds digit of 13413?
4
What is the units digit of 140?
0
What is the thousands digit of 2187?
2
What is the units digit of 6759?
9
What is the tens digit of 1518?
1
What is the units digit of 2401?
1
What is the tens digit of 6813?
1
What is the thousands digit of 1121?
1
What is the hundreds digit of 1469?
4
What is the tens digit of 19030?
3
What is the units digit of 665?
5
What is the units digit of 33185?
5
What is the hundreds digit of 28722?
7
What is the tens digit of 695?
9
What is the units digit of 6?
6
What is the units digit of 416?
6
What is the units digit of 831?
1
What is the hundreds digit of 3455?
4
What is the ten thousands digit of 25322?
2
What is the tens digit of 202?
0
What is the ten thousands digit of 69182?
6
What is the hundreds digit of 128818?
8
What is the tens digit of 15188?
8
What is the tens digit of 5429?
2
What is the tens digit of 18428?
2
What is the units digit of 8?
8
What is the hundreds digit of 6511?
5
What is the thousands digit of 19143?
9
What is the thousands digit of 18815?
8
What is the tens digit of 3857?
5
What is the thousands digit of 1504?
1
What is the thousands digit of 1947?
1
What is the units digit of 5161?
1
What is the units digit of 3635?
5
What is the tens digit of 2828?
2
What is the hundreds digit of 520?
5
What is the units digit of 11349?
9
What is the thousands digit of 4625?
4
What is the units digit of 17576?
6
What is the hundreds digit of 722?
7
What is the hundreds digit of 1221?
2
What is the units digit of 70009?
9
What is the thousands digit of 8750?
8
What is the thousands digit of 97889?
7
What is the ten thousands digit of 28533?
2
What is the tens digit of 76028?
2
What is the units digit of 12041?
1
What is the hundreds digit of 5258?
2
What is the units digit of 494?
4
What is the units digit of 30092?
2
What is the tens digit of 16359?
5
What is the thousands digit of 3939?
3
What is the tens digit of 1635?
3
What is the units digit of 17530?
0
What is the thousands digit of 128103?
8
What is the thousands digit of 1122?
1
What is the tens digit of 12555?
5
What is the thousands digit of 15810?
5
What is the hundreds digit of 2393?
3
What is the thousands digit of 23460?
3
What is the hundreds digit of 99202?
2
What is the tens digit of 1457?
5
What is the units digit of 556?
6
What is the hundreds digit of 865?
8
What is the units digit of 1731?
1
What is the units digit of 1190?
0
What is the units digit of 1467?
7
What is the hundreds digit of 1093?
0
What is the tens digit of 1073?
7
What is the tens digit of 3158?
5
What is the thousands digit of 28185?
8
What is the hundreds digit of 20818?
8
What is the units digit of 31225?
5
What is the units digit of 1889?
9
What is the units digit of 1641?
1
What is the units digit of 58576?
6
What is the thousands digit of 1827?
1
What is the thousands digit of 45140?
5
What is the units digit of 577?
7
What is the ten thousands digit of 48770?
4
What is the tens digit of 11850?
5
What is the thousands digit of 1457?
1
What is the thousands digit of 5917?
5
What is the thousands digit of 72752?
2
What is the hundreds digit of 439?
4
What is the hundreds digit of 3662?
6
What is the hundreds digit of 3192?
1
What is the units digit of 1485?
5
What is the hundreds digit of 95081?
0
What is the thousands digit of 13418?
3
What is the units digit of 1980?
0
What is the hundreds digit of 8478?
4
What is the units digit of 19948?
8
What is the thousands digit of 7730?
7
What is the tens digit of 40589?
8
What is the hundreds digit of 20710?
7
What is the tens digit of 22484?
8
What is the units digit of 7770?
0
What is the tens digit of 12547?
4
What is the thousands digit of 1679?
1
What is the units digit of 300?
0
What is the hundreds digit of 36440?
4
What is the units digit of 3138?
8
What is the units digit of 37213?
3
What is the tens digit of 8024?
2
What is the units digit of 3066?
6
What is the thousands digit of 12075?
2
What is the thousands digit of 12579?
2
What is the tens digit of 11653?
5
What is the units digit of 155929?
9
What is the units digit of 3936?
6
What is the units digit of 5513?
3
What is the units digit of 4824?
4
What is the units digit of 3325?
5
What is the hundreds digit of 63435?
4
What is the units digit of 6025?
5
What is the thousands digit of 3792?
3
What is the thousands digit of 19263?
9
What is the hundreds digit of 1706?
7
What is the thousands digit of 11522?
1
What is the thousands digit of 1182?
1
What is the hundreds digit of 2498?
4
What is the thousands digit of 51911?
1
What is the units digit of 107108?
8
What is the tens digit of 36875?
7
What is the hundreds digit of 8682?
6
What is the thousands digit of 16231?
6
What is the thousands digit of 40854?
0
What is the thousands digit of 5887?
5
What is the tens digit of 386?
8
What is the tens digit of 99343?
4
What is the thousands digit of 103884?
3
What is the thousands digit of 11105?
1
What is the units digit of 984?
4
What is the hundreds digit of 1663?
6
What is the hundreds digit of 85308?
3
What is the tens digit of 77057?
5
What is the hundreds digit of 2652?
6
What is the hundreds digit of 971?
9
What is the hundreds digit of 722?
7
What is the thousands digit of 4079?
4
What is the tens digit of 2349?
4
What is the hundreds digit of 540?
5
What is the units digit of 6118?
8
What is the units digit of 8246?
6
What is the hundreds digit of 27651?
6
What is the units digit of 17185?
5
What is the tens digit of 75717?
1
What is the units digit of 180?
0
What is the ten thousands digit of 47250?
4
What is the units digit of 6064?
4
What is the hundreds digit of 2253?
2
What is the units digit of 58532?
2
What is the tens digit of 1203?
0
What is the tens digit of 4422?
2
What is the tens digit of 16928?
2
What is the units digit of 3822?
2
What is the thousands digit of 1167?
1
What is the units digit of 6631?
1
What is the units digit of 3562?
2
What is the tens digit of 7162?
6
What is the hundreds digit of 74158?
1
What is the hundreds digit of 4762?
7
What is t